{"id":140,"date":"2024-01-06T23:10:50","date_gmt":"2024-01-06T23:10:50","guid":{"rendered":"https:\/\/www.productsearch-chile.cl\/?page_id=140"},"modified":"2025-10-20T01:15:10","modified_gmt":"2025-10-20T01:15:10","slug":"auditoria-de-procesos","status":"publish","type":"page","link":"https:\/\/www.productsearch-chile.cl\/index.php\/auditoria-de-procesos\/","title":{"rendered":"\ud83d\udcc8 An\u00e1lisis de Factibilidad de Proyectos"},"content":{"rendered":"\n<h3 class=\"wp-block-heading\"><strong>Estudios de Factibilidad y Evaluaci\u00f3n T\u00e9cnica, Econ\u00f3mica y Comercial de Proyectos<\/strong><\/h3>\n\n\n\n<p>En <strong>Product Search Consulting<\/strong> realizamos <strong>estudios de factibilidad y evaluaciones integrales<\/strong> orientadas a determinar la <strong>viabilidad t\u00e9cnica, econ\u00f3mica y comercial<\/strong> de los proyectos antes de su implementaci\u00f3n.<\/p>\n\n\n\n<p>Estos estudios permiten <strong>tomar decisiones informadas<\/strong>, minimizando riesgos y asegurando que los recursos disponibles se utilicen de manera eficiente, especialmente en el caso de las <strong>PYMES<\/strong>, donde cada inversi\u00f3n debe generar el m\u00e1ximo valor posible.<\/p>\n\n\n\n<p>El <strong>objetivo principal<\/strong> de un estudio de factibilidad es analizar los <strong>costos, beneficios y proyecciones financieras<\/strong> del proyecto, considerando factores como:<\/p>\n\n\n\n<ul>\n<li><strong>Inversi\u00f3n inicial requerida.<\/strong><\/li>\n\n\n\n<li><strong>Costos operativos y de mantenimiento.<\/strong><\/li>\n\n\n\n<li><strong>Ingresos esperados y flujo de caja proyectado.<\/strong><\/li>\n\n\n\n<li><strong>Plazo de recuperaci\u00f3n de la inversi\u00f3n y tasas de rentabilidad.<\/strong><\/li>\n<\/ul>\n\n\n\n<p>Adem\u00e1s del an\u00e1lisis financiero, el estudio incorpora una evaluaci\u00f3n de los <strong>aspectos t\u00e9cnicos, legales y de gesti\u00f3n<\/strong>, tales como:<\/p>\n\n\n\n<ul>\n<li><strong>Disponibilidad y capacidad de los recursos.<\/strong><\/li>\n\n\n\n<li><strong>Competencias del equipo de trabajo.<\/strong><\/li>\n\n\n\n<li><strong>Requisitos normativos y permisos asociados.<\/strong><\/li>\n\n\n\n<li><strong>Condiciones de mercado y entorno competitivo.<\/strong><\/li>\n<\/ul>\n\n\n\n<p>De esta forma, aseguramos que cada proyecto sea <strong>viable, sostenible y rentable<\/strong>, tanto desde el punto de vista t\u00e9cnico como econ\u00f3mico y comercial.<\/p>\n\n\n\n<p>En <strong>Product Search Consulting<\/strong>, nuestra experiencia nos permite acompa\u00f1ar a las empresas en la <strong>toma responsable de decisiones estrat\u00e9gicas<\/strong>, aportando herramientas objetivas para optimizar sus inversiones y asegurar el \u00e9xito de sus iniciativas.<\/p>\n\n\n\n<figure class=\"wp-block-image size-large\"><img loading=\"lazy\" decoding=\"async\" width=\"1024\" height=\"768\" src=\"https:\/\/www.productsearch-chile.cl\/wp-content\/uploads\/2024\/02\/IMG_6671-1024x768.jpg\" alt=\"\" class=\"wp-image-355\" srcset=\"https:\/\/www.productsearch-chile.cl\/wp-content\/uploads\/2024\/02\/IMG_6671-1024x768.jpg 1024w, https:\/\/www.productsearch-chile.cl\/wp-content\/uploads\/2024\/02\/IMG_6671-300x225.jpg 300w, https:\/\/www.productsearch-chile.cl\/wp-content\/uploads\/2024\/02\/IMG_6671-768x576.jpg 768w, https:\/\/www.productsearch-chile.cl\/wp-content\/uploads\/2024\/02\/IMG_6671-1536x1152.jpg 1536w, https:\/\/www.productsearch-chile.cl\/wp-content\/uploads\/2024\/02\/IMG_6671-2048x1536.jpg 2048w\" sizes=\"(max-width: 767px) 89vw, (max-width: 1000px) 54vw, (max-width: 1071px) 543px, 580px\" \/><\/figure>\n\n\n\n<figure class=\"wp-block-image size-full is-resized\"><img loading=\"lazy\" decoding=\"async\" width=\"564\" height=\"317\" src=\"https:\/\/www.productsearch-chile.cl\/wp-content\/uploads\/2024\/02\/d3858f72470740d5ec02e71e28577df6.jpg\" alt=\"\" class=\"wp-image-357\" style=\"width:672px;height:auto\" srcset=\"https:\/\/www.productsearch-chile.cl\/wp-content\/uploads\/2024\/02\/d3858f72470740d5ec02e71e28577df6.jpg 564w, https:\/\/www.productsearch-chile.cl\/wp-content\/uploads\/2024\/02\/d3858f72470740d5ec02e71e28577df6-300x169.jpg 300w\" sizes=\"(max-width: 564px) 100vw, 564px\" \/><\/figure>\n\n\n\n<figure class=\"wp-block-gallery has-nested-images columns-default is-cropped wp-block-gallery-1 is-layout-flex wp-block-gallery-is-layout-flex\"><\/figure>\n","protected":false},"excerpt":{"rendered":"<p>Estudios de Factibilidad y Evaluaci\u00f3n T\u00e9cnica, Econ\u00f3mica y Comercial de Proyectos En Product Search Consulting realizamos estudios de factibilidad y evaluaciones integrales orientadas a determinar la viabilidad t\u00e9cnica, econ\u00f3mica y comercial de los proyectos antes de su implementaci\u00f3n. Estos estudios permiten tomar decisiones informadas, minimizando riesgos y asegurando que los recursos disponibles se utilicen de &hellip; <\/p>\n<p class=\"link-more\"><a href=\"https:\/\/www.productsearch-chile.cl\/index.php\/auditoria-de-procesos\/\" class=\"more-link\">Continua leyendo<span class=\"screen-reader-text\"> &#8220;\ud83d\udcc8 An\u00e1lisis de Factibilidad de Proyectos&#8221;<\/span><\/a><\/p>\n","protected":false},"author":1,"featured_media":0,"parent":0,"menu_order":0,"comment_status":"closed","ping_status":"closed","template":"","meta":{"footnotes":""},"_links":{"self":[{"href":"https:\/\/www.productsearch-chile.cl\/index.php\/wp-json\/wp\/v2\/pages\/140"}],"collection":[{"href":"https:\/\/www.productsearch-chile.cl\/index.php\/wp-json\/wp\/v2\/pages"}],"about":[{"href":"https:\/\/www.productsearch-chile.cl\/index.php\/wp-json\/wp\/v2\/types\/page"}],"author":[{"embeddable":true,"href":"https:\/\/www.productsearch-chile.cl\/index.php\/wp-json\/wp\/v2\/users\/1"}],"replies":[{"embeddable":true,"href":"https:\/\/www.productsearch-chile.cl\/index.php\/wp-json\/wp\/v2\/comments?post=140"}],"version-history":[{"count":12,"href":"https:\/\/www.productsearch-chile.cl\/index.php\/wp-json\/wp\/v2\/pages\/140\/revisions"}],"predecessor-version":[{"id":430,"href":"https:\/\/www.productsearch-chile.cl\/index.php\/wp-json\/wp\/v2\/pages\/140\/revisions\/430"}],"wp:attachment":[{"href":"https:\/\/www.productsearch-chile.cl\/index.php\/wp-json\/wp\/v2\/media?parent=140"}],"curies":[{"name":"wp","href":"https:\/\/api.w.org\/{rel}","templated":true}]}}