{"id":164,"date":"2024-01-06T23:15:49","date_gmt":"2024-01-06T23:15:49","guid":{"rendered":"https:\/\/www.productsearch-chile.cl\/?page_id=164"},"modified":"2024-04-14T20:12:54","modified_gmt":"2024-04-14T20:12:54","slug":"persona-2","status":"publish","type":"page","link":"https:\/\/www.productsearch-chile.cl\/index.php\/persona-2\/","title":{"rendered":"Patricia S\u00e1nchez Saavedra"},"content":{"rendered":"\n<p><strong>Ingeniera Adm. de Empresas,  Menci\u00f3n Finanzas Universidad de las Am\u00e9ricas<\/strong><\/p>\n\n\n\n<p><strong>Magister Estrategia Internacional y Pol\u00edticas Comerciales U. de Chile<\/strong><\/p>\n\n\n\n<p><strong>Coach Fenomenol\u00f3gico (Organizacional \u2013 Personal)<\/strong> &#8211;<strong>Gressus Consulting<\/strong><\/p>\n\n\n\n<p><em>Actualmente participa como:<\/em><\/p>\n\n\n\n<ul>\n<li>Representante Legal de Product Search &amp; Consulting Chile SPA<code>.<\/code><\/li>\n\n\n\n<li>Fundadora del Programa Emprendimiento PCSBioEmprende.<\/li>\n\n\n\n<li>Miembro Consejo de Capacitaci\u00f3n y Capital Humano del Ministerio de Econom\u00eda<\/li>\n<\/ul>\n\n\n\n<p><\/p>\n\n\n\n<figure class=\"wp-block-image size-full is-resized\"><img loading=\"lazy\" decoding=\"async\" width=\"1707\" height=\"2560\" src=\"https:\/\/www.productsearch-chile.cl\/wp-content\/uploads\/2024\/01\/IMG_4991-Editar-1-scaled.jpg\" alt=\"\" class=\"wp-image-255\" style=\"aspect-ratio:2\/3;object-fit:cover;width:671px;height:auto\" srcset=\"https:\/\/www.productsearch-chile.cl\/wp-content\/uploads\/2024\/01\/IMG_4991-Editar-1-scaled.jpg 1707w, https:\/\/www.productsearch-chile.cl\/wp-content\/uploads\/2024\/01\/IMG_4991-Editar-1-200x300.jpg 200w\" sizes=\"(max-width: 767px) 89vw, (max-width: 1000px) 54vw, (max-width: 1071px) 543px, 580px\" \/><\/figure>\n","protected":false},"excerpt":{"rendered":"<p>Ingeniera Adm. de Empresas, Menci\u00f3n Finanzas Universidad de las Am\u00e9ricas Magister Estrategia Internacional y Pol\u00edticas Comerciales U. de Chile Coach Fenomenol\u00f3gico (Organizacional \u2013 Personal) &#8211;Gressus Consulting Actualmente participa como:<\/p>\n","protected":false},"author":1,"featured_media":0,"parent":0,"menu_order":0,"comment_status":"closed","ping_status":"closed","template":"","meta":{"footnotes":""},"_links":{"self":[{"href":"https:\/\/www.productsearch-chile.cl\/index.php\/wp-json\/wp\/v2\/pages\/164"}],"collection":[{"href":"https:\/\/www.productsearch-chile.cl\/index.php\/wp-json\/wp\/v2\/pages"}],"about":[{"href":"https:\/\/www.productsearch-chile.cl\/index.php\/wp-json\/wp\/v2\/types\/page"}],"author":[{"embeddable":true,"href":"https:\/\/www.productsearch-chile.cl\/index.php\/wp-json\/wp\/v2\/users\/1"}],"replies":[{"embeddable":true,"href":"https:\/\/www.productsearch-chile.cl\/index.php\/wp-json\/wp\/v2\/comments?post=164"}],"version-history":[{"count":10,"href":"https:\/\/www.productsearch-chile.cl\/index.php\/wp-json\/wp\/v2\/pages\/164\/revisions"}],"predecessor-version":[{"id":382,"href":"https:\/\/www.productsearch-chile.cl\/index.php\/wp-json\/wp\/v2\/pages\/164\/revisions\/382"}],"wp:attachment":[{"href":"https:\/\/www.productsearch-chile.cl\/index.php\/wp-json\/wp\/v2\/media?parent=164"}],"curies":[{"name":"wp","href":"https:\/\/api.w.org\/{rel}","templated":true}]}}