{"id":166,"date":"2024-01-06T23:45:32","date_gmt":"2024-01-06T23:45:32","guid":{"rendered":"https:\/\/www.productsearch-chile.cl\/?page_id=166"},"modified":"2024-04-16T20:35:14","modified_gmt":"2024-04-16T20:35:14","slug":"persona-3","status":"publish","type":"page","link":"https:\/\/www.productsearch-chile.cl\/index.php\/persona-3\/","title":{"rendered":"Marcela S\u00e1nchez S."},"content":{"rendered":"\n<p>Ingeniera en Prevensi\u00f3n de Riesgos.<\/p>\n\n\n\n<p>Experta en Prevenci\u00f3n Energ\u00eda Chilena Nuclear CCHEN<\/p>\n","protected":false},"excerpt":{"rendered":"<p>Ingeniera en Prevensi\u00f3n de Riesgos. Experta en Prevenci\u00f3n Energ\u00eda Chilena Nuclear CCHEN<\/p>\n","protected":false},"author":1,"featured_media":0,"parent":0,"menu_order":0,"comment_status":"closed","ping_status":"closed","template":"","meta":{"footnotes":""},"_links":{"self":[{"href":"https:\/\/www.productsearch-chile.cl\/index.php\/wp-json\/wp\/v2\/pages\/166"}],"collection":[{"href":"https:\/\/www.productsearch-chile.cl\/index.php\/wp-json\/wp\/v2\/pages"}],"about":[{"href":"https:\/\/www.productsearch-chile.cl\/index.php\/wp-json\/wp\/v2\/types\/page"}],"author":[{"embeddable":true,"href":"https:\/\/www.productsearch-chile.cl\/index.php\/wp-json\/wp\/v2\/users\/1"}],"replies":[{"embeddable":true,"href":"https:\/\/www.productsearch-chile.cl\/index.php\/wp-json\/wp\/v2\/comments?post=166"}],"version-history":[{"count":4,"href":"https:\/\/www.productsearch-chile.cl\/index.php\/wp-json\/wp\/v2\/pages\/166\/revisions"}],"predecessor-version":[{"id":387,"href":"https:\/\/www.productsearch-chile.cl\/index.php\/wp-json\/wp\/v2\/pages\/166\/revisions\/387"}],"wp:attachment":[{"href":"https:\/\/www.productsearch-chile.cl\/index.php\/wp-json\/wp\/v2\/media?parent=166"}],"curies":[{"name":"wp","href":"https:\/\/api.w.org\/{rel}","templated":true}]}}